{"id":86,"date":"2026-02-28T01:09:37","date_gmt":"2026-02-27T22:09:37","guid":{"rendered":"https:\/\/ferayhome.com\/?page_id=86"},"modified":"2026-02-28T12:12:36","modified_gmt":"2026-02-28T09:12:36","slug":"yorumlar","status":"publish","type":"page","link":"https:\/\/ferayhome.com\/index.php\/yorumlar\/","title":{"rendered":"yorumlar"},"content":{"rendered":"\n<p><code><style type='text\/css' media='all'>#rt-tpg-container-1818762004 .rt-holder .rt-woo-info .price{color:#0367bf;}body .rt-tpg-container .rt-tpg-isotope-buttons .selected,\n\t\t\t\t\t#rt-tpg-container-1818762004 .layout12 .rt-holder:hover .rt-detail,\n\t\t\t\t\t#rt-tpg-container-1818762004 .isotope8 .rt-holder:hover .rt-detail,\n\t\t\t\t\t#rt-tpg-container-1818762004 .carousel8 .rt-holder:hover .rt-detail,\n\t\t\t\t\t#rt-tpg-container-1818762004 .layout13 .rt-holder .overlay .post-info,\n\t\t\t\t\t#rt-tpg-container-1818762004 .isotope9 .rt-holder .overlay .post-info,\n\t\t\t\t\t#rt-tpg-container-1818762004.rt-tpg-container .layout4 .rt-holder .rt-detail,\n\t\t\t\t\t.rt-modal-1818762004 .md-content,\n\t\t\t\t\t.rt-modal-1818762004 .md-content > .rt-md-content-holder .rt-md-content,\n\t\t\t\t\t.rt-popup-wrap-1818762004.rt-popup-wrap .rt-popup-navigation-wrap,\n\t\t\t\t\t#rt-tpg-container-1818762004 .carousel9 .rt-holder .overlay .post-info{background-color:#0367bf;}#rt-tpg-container-1818762004 .layout5 .rt-holder .overlay, #rt-tpg-container-1818762004 .isotope2 .rt-holder .overlay, #rt-tpg-container-1818762004 .carousel2 .rt-holder .overlay,#rt-tpg-container-1818762004 .layout15 .rt-holder h3, #rt-tpg-container-1818762004 .isotope11 .rt-holder h3, #rt-tpg-container-1818762004 .carousel11 .rt-holder h3, #rt-tpg-container-1818762004 .layout16 .rt-holder h3,\n\t\t\t\t\t#rt-tpg-container-1818762004 .isotope12 .rt-holder h3, #rt-tpg-container-1818762004 .carousel12 .rt-holder h3 {background-color:rgba(3,103,191,0.8);}#rt-tpg-container-1818762004 .read-more a{border-radius:px;}#rt-tpg-container-1818762004 .rt-img-holder img.rt-img-responsive,#rt-tpg-container-1818762004 .rt-img-holder,\n\t\t\t\t\t#rt-tpg-container-1818762004 .rt-post-overlay .post-img,\n\t\t\t\t\t#rt-tpg-container-1818762004 .post-sm .post-img,\n\t\t\t\t\t#rt-tpg-container-1818762004 .rt-post-grid .post-img,\n\t\t\t\t\t#rt-tpg-container-1818762004 .post-img img {border-radius:px;}<\/style><div class='rt-container-fluid rt-tpg-container tpg-shortcode-main-wrapper ' id='rt-tpg-container-1818762004'   data-layout='layout1' data-grid-style='even' data-desktop-col='3'  data-tab-col='2'  data-mobile-col='1' data-sc-id='94'><div class=\"tpg-widget-heading-wrapper heading-style1 \"><span class=\"tpg-widget-heading-line line-left\"><\/span><h2 class=\"tpg-widget-heading\"><\/h2><span class=\"tpg-widget-heading-line\"><\/span><\/div><div data-title='Loading ...' class='rt-row rt-content-loader   layout1 tpg-even '><div class=\"rt-col-md-4 rt-col-sm-6 rt-col-xs-12 even-grid-item rt-grid-item\" data-id=\"90\"><div class=\"rt-holder\"><div class=\"rt-img-holder\"><a data-id=\"90\" class=\"\" href=\"https:\/\/ferayhome.com\/index.php\/2026\/02\/28\/xvczxcv\/\"><img loading=\"lazy\" decoding=\"async\" width=\"1600\" height=\"1197\" src=\"https:\/\/ferayhome.com\/wp-content\/uploads\/2026\/02\/WhatsApp-Image-2026-02-17-at-13.12.17-1.jpeg\" class=\"rt-img-responsive \" alt=\"\" \/><\/a><\/div><div class='rt-detail'><h3 class=\"entry-title\"><a data-id=\"90\" class=\"\" href=\"https:\/\/ferayhome.com\/index.php\/2026\/02\/28\/xvczxcv\/\">xvczxcv<\/a><\/h3><div class='post-meta-user  '><span class='date'><i class='far fa-calendar-alt '><\/i>28 February 2026<\/span><\/div><div class='tpg-excerpt'><p>xcvzxcvzxc<\/p><\/div><\/div><\/div><\/div><div class=\"rt-col-md-4 rt-col-sm-6 rt-col-xs-12 even-grid-item rt-grid-item\" data-id=\"55\"><div class=\"rt-holder\"><div class='rt-detail'><h3 class=\"entry-title\"><a data-id=\"55\" class=\"\" href=\"https:\/\/ferayhome.com\/index.php\/2026\/02\/28\/05551112233-2\/\">05551112233<\/a><\/h3><div class='post-meta-user  '><span class='date'><i class='far fa-calendar-alt '><\/i>28 February 2026<\/span><\/div><div class='tpg-excerpt'><p>05551112233<\/p>\n<\/div><\/div><\/div><\/div><\/div><\/div><\/code><\/p>\n\n\n\n<div class=\"forminator-guttenberg\"><div class=\"forminator-ui forminator-custom-form forminator-custom-form-61 forminator-design--basic  \" data-forminator-render=\"0\" data-form=\"forminator-module-61\" data-uid=\"69e2187ad8931\"><br\/><\/div><form\n\t\t\t\tid=\"forminator-module-61\"\n\t\t\t\tclass=\"forminator-ui forminator-custom-form forminator-custom-form-61 forminator-design--basic  \"\n\t\t\t\tmethod=\"post\"\n\t\t\t\tdata-forminator-render=\"0\"\n\t\t\t\tdata-form-id=\"61\"\n\t\t\t\tenctype=\"multipart\/form-data\" data-color-option=\"theme\" data-design=\"basic\" data-grid=\"open\" style=\"display: none;\"\n\t\t\t\tdata-uid=\"69e2187ad8931\"\n\t\t\t><div role=\"alert\" aria-live=\"polite\" class=\"forminator-response-message forminator-error\" aria-hidden=\"true\"><\/div><div class=\"forminator-row\"><div id=\"name-1\" class=\"forminator-field-name forminator-col forminator-col-12 \"><div class=\"forminator-field\"><label for=\"forminator-field-name-1_69e2187ad8931\" id=\"forminator-field-name-1_69e2187ad8931-label\" class=\"forminator-label\">Ad\u0131n\u0131z Soyad\u0131n\u0131z<\/label><input type=\"text\" name=\"name-1\" value=\"\" placeholder=\"\" id=\"forminator-field-name-1_69e2187ad8931\" class=\"forminator-input forminator-name--field\" aria-required=\"false\" autocomplete=\"name\" \/><\/div><\/div><\/div><div class=\"forminator-row\"><div id=\"textarea-1\" class=\"forminator-field-textarea forminator-col forminator-col-12 \"><div class=\"forminator-field\"><label for=\"forminator-field-textarea-1_69e2187ad8931\" id=\"forminator-field-textarea-1_69e2187ad8931-label\" class=\"forminator-label\">\u00dcr\u00fcn De\u011ferlendir<\/label><textarea name=\"textarea-1\" placeholder=\"\" id=\"forminator-field-textarea-1_69e2187ad8931\" class=\"forminator-textarea\" rows=\"6\" style=\"min-height:140px;\" ><\/textarea><\/div><\/div><\/div><div class=\"forminator-row\"><div id=\"text-1\" class=\"forminator-field-text forminator-col forminator-col-12 \"><div class=\"forminator-field\"><label for=\"forminator-field-text-1_69e2187ad8931\" id=\"forminator-field-text-1_69e2187ad8931-label\" class=\"forminator-label\">Telefon Numaran\u0131z<\/label><span id=\"forminator-field-text-1_69e2187ad8931-description\" class=\"forminator-description\">Al\u0131\u015f veri\u015f s\u0131ras\u0131nda kulland\u0131\u011f\u0131n\u0131z telefon numaran\u0131z\u0131 yaz\u0131n\u0131z. Telefon numaran\u0131z payla\u015f\u0131lmaycakt\u0131r.<\/span><input type=\"text\" name=\"text-1\" value=\"+90\" placeholder=\"\" id=\"forminator-field-text-1_69e2187ad8931\" class=\"forminator-input forminator-name--field\" data-required=\"\" aria-describedby=\"forminator-field-text-1_69e2187ad8931-description\" \/><\/div><\/div><\/div><div class=\"forminator-row\"><div id=\"upload-1\" class=\"forminator-field-upload forminator-col forminator-col-12 \"><div class=\"forminator-field\"><label for=\"forminator-field-upload-1_69e2187ad8931\" id=\"forminator-field-upload-1_69e2187ad8931-label\" class=\"forminator-label\">\u00dcr\u00fcn Foto\u011fraf\u0131 Y\u00fckle<\/label><div class=\"forminator-file-upload \" data-element=\"upload-1_69e2187ad8931\"><input type=\"file\" name=\"upload-1\" id=\"forminator-field-upload-1_69e2187ad8931\" class=\"forminator-input-file\" accept=\".jpg,.jpeg,.jpe,.gif,.png,.bmp,.tiff,.tif,.webp,.avif,.ico,.heic,.heif,.heics,.heifs,.asf,.asx,.wmv,.wmx,.wm,.avi,.divx,.flv,.mov,.qt,.mpeg,.mpg,.mpe,.mp4,.m4v,.ogv,.webm,.mkv,.3gp,.3gpp,.3g2,.3gp2,.txt,.asc,.c,.cc,.h,.srt,.csv,.tsv,.ics,.rtx,.vtt,.mp3,.m4a,.m4b,.aac,.ra,.ram,.wav,.x-wav,.ogg,.oga,.flac,.mid,.midi,.wma,.wax,.mka,.rtf,.pdf,.class,.tar,.zip,.gz,.gzip,.7z,.psd,.xcf,.doc,.pot,.pps,.ppt,.wri,.xla,.xls,.xlt,.xlw,.mdb,.mpp,.docx,.docm,.dotx,.dotm,.xlsx,.xlsm,.xlsb,.xltx,.xltm,.xlam,.pptx,.pptm,.ppsx,.ppsm,.potx,.potm,.ppam,.sldx,.sldm,.onetoc,.onetoc2,.onetmp,.onepkg,.oxps,.xps,.odt,.odp,.ods,.odg,.odc,.odb,.odf,.wp,.wpd,.key,.numbers,.pages\" tabindex=\"-1\"><button id=\"forminator-field-upload-1_69e2187ad8931_button\" class=\"forminator-button forminator-button-upload\" data-id=\"forminator-field-upload-1_69e2187ad8931\">Choose File<\/button><span data-empty-text=\"No file chosen\">No file chosen<\/span><button class=\"forminator-button-delete\" style=\"display: none;\"><i class=\"forminator-icon-close\" aria-hidden=\"true\"><\/i><span class=\"forminator-screen-reader-only\">Delete uploaded file<\/span><\/button><\/div><\/div><\/div><\/div><div class=\"forminator-row\"><div id=\"select-1\" class=\"forminator-field-select forminator-col forminator-col-12 \"><div class=\"forminator-field\"><label for=\"forminator-form-61__field--select-1_69e2187ad8931\" id=\"forminator-form-61__field--select-1_69e2187ad8931-label\" class=\"forminator-label\">Select<\/label><select  id=\"forminator-form-61__field--select-1_69e2187ad8931\" class=\"forminator-select--field forminator-select2 forminator-select2-multiple\" data-required=\"\" name=\"select-1\" data-default-value=\"\" data-hidden-behavior=\"zero\" data-placeholder=\"\" data-search=\"false\" data-search-placeholder=\"\" data-checkbox=\"false\" data-allow-clear=\"false\" aria-labelledby=\"forminator-form-61__field--select-1_69e2187ad8931-label\"><option value=\"one\"  data-calculation=\"0\">yorum1<\/option><option value=\"two\"  data-calculation=\"0\">yorum2<\/option><\/select><\/div><\/div><\/div><div class=\"forminator-row\"><div id=\"postdata-1\" class=\"forminator-field-postdata forminator-col forminator-col-12 \"><div class=\"forminator-row\"><div class=\"forminator-col forminator-col-12\"><div class=\"forminator-field\"><div class=\"forminator-field--label\"><label for=\"forminator-wp-editor-forminator-field-post-content-postdata-1_69e2187ad8931\" id=\"forminator-label-forminator-field-post-content-postdata-1_69e2187ad8931\" class=\"forminator-label\">\u0130\u00e7erik<\/label><\/div><div id=\"wp-forminator-wp-editor-forminator-field-post-content-postdata-1_69e2187ad8931-wrap\" class=\"wp-core-ui wp-editor-wrap tmce-active\"><link rel='stylesheet' id='dashicons-css' href='https:\/\/ferayhome.com\/wp-includes\/css\/dashicons.min.css?ver=6.9.4' media='all' \/>\n<link rel='stylesheet' id='editor-buttons-css' href='https:\/\/ferayhome.com\/wp-includes\/css\/editor.min.css?ver=6.9.4' media='all' \/>\n<div id=\"wp-forminator-wp-editor-forminator-field-post-content-postdata-1_69e2187ad8931-editor-tools\" class=\"wp-editor-tools hide-if-no-js\"><div class=\"wp-editor-tabs\"><button type=\"button\" id=\"forminator-wp-editor-forminator-field-post-content-postdata-1_69e2187ad8931-tmce\" aria-pressed=\"true\" class=\"wp-switch-editor switch-tmce\" data-wp-editor-id=\"forminator-wp-editor-forminator-field-post-content-postdata-1_69e2187ad8931\">Visual<\/button>\n<button type=\"button\" id=\"forminator-wp-editor-forminator-field-post-content-postdata-1_69e2187ad8931-html\" class=\"wp-switch-editor switch-html\" data-wp-editor-id=\"forminator-wp-editor-forminator-field-post-content-postdata-1_69e2187ad8931\">Code<\/button>\n<\/div>\n<\/div>\n<div id=\"wp-forminator-wp-editor-forminator-field-post-content-postdata-1_69e2187ad8931-editor-container\" class=\"wp-editor-container\"><div id=\"qt_forminator-wp-editor-forminator-field-post-content-postdata-1_69e2187ad8931_toolbar\" class=\"quicktags-toolbar hide-if-no-js\"><\/div><textarea class=\"forminator-textarea wp-editor-area\" style=\"height: 140px\" autocomplete=\"off\" cols=\"40\" name=\"postdata-1-post-content\" id=\"forminator-wp-editor-forminator-field-post-content-postdata-1_69e2187ad8931\"><\/textarea><\/div>\n<\/div>\n\n<\/div><\/div><\/div><\/div><\/div><input type=\"hidden\" name=\"referer_url\" value=\"\" \/><div class=\"forminator-row forminator-row-last\"><div class=\"forminator-col\"><div class=\"forminator-field\"><button class=\"forminator-button forminator-button-submit\">Yorumu G&ouml;nder<\/button><\/div><\/div><\/div><input type=\"hidden\" id=\"forminator_nonce\" name=\"forminator_nonce\" value=\"2f50ac2917\" \/><input type=\"hidden\" name=\"_wp_http_referer\" value=\"\/index.php\/wp-json\/wp\/v2\/pages\/86\" \/><input type=\"hidden\" name=\"form_id\" value=\"61\"><input type=\"hidden\" name=\"page_id\" value=\"55\"><input type=\"hidden\" name=\"form_type\" value=\"default\"><input type=\"hidden\" name=\"current_url\" value=\"https:\/\/ferayhome.com\/index.php\/2026\/02\/28\/05551112233-2\/\"><input type=\"hidden\" name=\"render_id\" value=\"0\"><input type=\"hidden\" name=\"action\" value=\"forminator_submit_form_custom-forms\"><\/form><\/div>\n\n\n\n<p><\/p>\n","protected":false},"excerpt":{"rendered":"","protected":false},"author":1,"featured_media":0,"parent":0,"menu_order":0,"comment_status":"closed","ping_status":"closed","template":"","meta":{"_acf_changed":false,"footnotes":""},"class_list":["post-86","page","type-page","status-publish","hentry"],"acf":[],"rttpg_featured_image_url":null,"rttpg_author":{"display_name":"kandaz3","author_link":"https:\/\/ferayhome.com\/index.php\/author\/kandaz3\/"},"rttpg_comment":0,"rttpg_category":"","rttpg_excerpt":null,"_links":{"self":[{"href":"https:\/\/ferayhome.com\/index.php\/wp-json\/wp\/v2\/pages\/86","targetHints":{"allow":["GET"]}}],"collection":[{"href":"https:\/\/ferayhome.com\/index.php\/wp-json\/wp\/v2\/pages"}],"about":[{"href":"https:\/\/ferayhome.com\/index.php\/wp-json\/wp\/v2\/types\/page"}],"author":[{"embeddable":true,"href":"https:\/\/ferayhome.com\/index.php\/wp-json\/wp\/v2\/users\/1"}],"replies":[{"embeddable":true,"href":"https:\/\/ferayhome.com\/index.php\/wp-json\/wp\/v2\/comments?post=86"}],"version-history":[{"count":5,"href":"https:\/\/ferayhome.com\/index.php\/wp-json\/wp\/v2\/pages\/86\/revisions"}],"predecessor-version":[{"id":102,"href":"https:\/\/ferayhome.com\/index.php\/wp-json\/wp\/v2\/pages\/86\/revisions\/102"}],"wp:attachment":[{"href":"https:\/\/ferayhome.com\/index.php\/wp-json\/wp\/v2\/media?parent=86"}],"curies":[{"name":"wp","href":"https:\/\/api.w.org\/{rel}","templated":true}]}}